{"id":4712,"date":"2022-04-17T17:38:34","date_gmt":"2022-04-17T17:38:34","guid":{"rendered":"http:\/\/iglesiaberaca.cl\/pruebas\/producto\/cinturn-plata-metlico\/"},"modified":"2022-05-02T00:00:51","modified_gmt":"2022-05-02T00:00:51","slug":"cinturon-plata-metalico","status":"publish","type":"product","link":"http:\/\/iglesiaberaca.cl\/pruebas\/producto\/cinturon-plata-metalico\/","title":{"rendered":"Cintur\u00f3n Plata Met\u00e1lico"},"content":{"rendered":"","protected":false},"excerpt":{"rendered":"<p>cintur\u00f3n met\u00e1lico elasticado talla S<\/p>\n","protected":false},"featured_media":4827,"template":"","meta":{"_seopress_robots_primary_cat":"none","_seopress_titles_title":"","_seopress_titles_desc":"","_seopress_robots_index":""},"product_cat":[166],"product_tag":[],"class_list":{"0":"post-4712","1":"product","2":"type-product","3":"status-publish","4":"has-post-thumbnail","6":"product_cat-cinturones","8":"first","9":"instock","10":"taxable","11":"shipping-taxable","12":"purchasable","13":"product-type-simple","14":"thumb-has-effect","15":"prod-rating-on"},"jetpack_sharing_enabled":true,"_links":{"self":[{"href":"http:\/\/iglesiaberaca.cl\/pruebas\/wp-json\/wp\/v2\/product\/4712"}],"collection":[{"href":"http:\/\/iglesiaberaca.cl\/pruebas\/wp-json\/wp\/v2\/product"}],"about":[{"href":"http:\/\/iglesiaberaca.cl\/pruebas\/wp-json\/wp\/v2\/types\/product"}],"wp:featuredmedia":[{"embeddable":true,"href":"http:\/\/iglesiaberaca.cl\/pruebas\/wp-json\/wp\/v2\/media\/4827"}],"wp:attachment":[{"href":"http:\/\/iglesiaberaca.cl\/pruebas\/wp-json\/wp\/v2\/media?parent=4712"}],"wp:term":[{"taxonomy":"product_cat","embeddable":true,"href":"http:\/\/iglesiaberaca.cl\/pruebas\/wp-json\/wp\/v2\/product_cat?post=4712"},{"taxonomy":"product_tag","embeddable":true,"href":"http:\/\/iglesiaberaca.cl\/pruebas\/wp-json\/wp\/v2\/product_tag?post=4712"}],"curies":[{"name":"wp","href":"https:\/\/api.w.org\/{rel}","templated":true}]}}